sor of 225 and 180.
45
Calculate the greatest common divisor of 3152 and 32.
16
Calculate the greatest common factor of 267 and 712.
89
Calculate the greatest common divisor of 1219 and 106.
53
Calculate the highest common factor of 1906 and 6.
2
Calculate the highest common divisor of 1419 and 11.
11
Calculate the highest common divisor of 240 and 15.
15
What is the greatest common factor of 4472 and 13?
13
Calculate the highest common divisor of 52 and 6526.
26
What is the highest common factor of 1160 and 2175?
145
Calculate the highest common factor of 92 and 33258.
46
Calculate the highest common divisor of 30 and 195.
15
What is the greatest common factor of 243 and 63?
9
What is the highest common factor of 10 and 530?
10
What is the highest common divisor of 182 and 104?
26
Calculate the highest common divisor of 48 and 36.
12
What is the greatest common divisor of 22969 and 103?
103
What is the highest common factor of 8346 and 26?
26
Calculate the greatest common factor of 675 and 540.
135
What is the highest common factor of 14336 and 7?
7
What is the greatest common divisor of 13 and 2977?
13
Calculate the highest common divisor of 1326 and 13.
13
Calculate the greatest common factor of 23 and 1.
1
What is the greatest common divisor of 10 and 1214?
2
Calculate the highest common factor of 656 and 41.
41
Calculate the greatest common divisor of 18998 and 644.
322
Calculate the greatest common divisor of 30 and 135.
15
What is the highest common factor of 2597 and 49?
49
Calculate the greatest common factor of 493 and 119.
17
What is the greatest common factor of 28 and 44548?
28
Calculate the highest common factor of 894 and 6.
6
Calculate the greatest common factor of 73 and 219.
73
What is the highest common factor of 85 and 160?
5
Calculate the greatest common divisor of 20 and 1010.
10
What is the highest common factor of 3012 and 12?
12
What is the greatest common divisor of 26156 and 52?
52
Calculate the greatest common factor of 304 and 703.
19
What is the highest common factor of 214 and 107?
107
Calculate the greatest common divisor of 52099 and 53.
53
Calculate the highest common divisor of 1007 and 53.
53
Calculate the highest common factor of 3 and 1299.
3
What is the highest common factor of 3714 and 6?
6
Calculate the greatest common factor of 46 and 2254.
46
Calculate the greatest common factor of 10 and 160.
10
Calculate the greatest common factor of 234 and 216.
18
What is the greatest common factor of 1488 and 93?
93
What is the greatest common factor of 63 and 37359?
63
What is the greatest common factor of 1562 and 142?
142
Calculate the greatest common divisor of 210 and 150.
30
What is the highest common factor of 58 and 8062?
58
What is the highest common divisor of 341 and 31?
31
Calculate the highest common factor of 16276 and 52.
52
Calculate the highest common factor of 20342 and 70.
14
Calculate the greatest common factor of 160 and 70.
10
What is the greatest common divisor of 7605 and 180?
45
Calculate the greatest common factor of 16 and 92.
4
What is the greatest common divisor of 88 and 11?
11
What is the highest common factor of 156 and 3471?
39
What is the greatest common factor of 38 and 722?
38
What is the highest common divisor of 111 and 703?
37
Calculate the highest common factor of 5798 and 13.
13
What is the greatest common divisor of 1540 and 165?
55
Calculate the highest common factor of 1664 and 13.
13
What is the greatest common divisor of 390 and 1635?
15
What is the highest common factor of 104 and 351?
13
What is the greatest common divisor of 1204 and 387?
43
Calculate the highest common factor of 4221 and 42.
21
Calculate the greatest common factor of 74 and 148.
74
Calculate the highest common factor of 209 and 551.
19
Calculate the greatest common divisor of 56 and 378.
14
Calculate the greatest common factor of 27 and 3033.
9
What is the greatest common factor of 185 and 6?
1
What is the greatest common divisor of 72 and 540?
36
What is the greatest common divisor of 75 and 285?
15
Calculate the highest common divisor of 57 and 3249.
57
Calculate the greatest common divisor of 8177 and 13.
13
Calculate the highest common divisor of 8620 and 20.
20
Calculate the greatest common factor of 447 and 69732.
447
What is the greatest common divisor of 1764 and 378?
126
Calculate the highest common divisor of 82 and 5822.
82
Calculate the highest common divisor of 207 and 115.
23
What is the greatest common divisor of 45 and 585?
45
Calculate the highest common divisor of 32 and 104.
8
What is the greatest common divisor of 5 and 110?
5
What is the greatest common divisor of 82 and 2?
2
What is the highest common divisor of 2496 and 533?
13
What is the highest common divisor of 285 and 105?
15
What is the highest common divisor of 434 and 3410?
62
Calculate the highest common divisor of 7551 and 54.
9
Calculate the highest common divisor of 948 and 24.
12
What is the greatest common factor of 2 and 11?
1
What is the highest common divisor of 2401 and 49?
49
Calculate the highest common divisor of 83904 and 76.
76
Calculate the highest common factor of 8 and 16.
8
What is the highest common factor of 78 and 6?
6
Calculate the highest common factor of 943 and 69.
23
Calculate the greatest common divisor of 42 and 322.
14
What is the greatest common divisor of 22 and 1397?
11
Calculate the highest common divisor of 684 and 108.
36
What is the greatest common factor of 44 and 44?
44
Calculate the highest common factor of 4186 and 1274.
182
Calculate the greatest common factor of 576 and 18.
18
What is the highest common factor of 96 and 48?
48
Calculate the highest common divisor of 161 and 7.
7
Calculate the greatest common divisor of 9 and 4491.
9
Calculate the greatest common divisor of 20 and 1175.
5
Calculate the highest common factor of 4239 and 18.
9
Calculate the highest common divisor of 1566 and 1350.
54
What is the greatest common factor of 9476 and 23?
23
What is the highest common factor of 52 and 104?
52
Calculate the highest common factor of 4148 and 8.
4
Calculate the highest common divisor of 6 and 1962.
6
Calculate the highest common divisor of 460 and 1196.
92
Calculate the highest common divisor of 13395 and 94.
47
Calculate the greatest common divisor of 162 and 2250.
18
What is the greatest common divisor of 42 and 1365?
21
What is the highest common factor of 736 and 1288?
184
What is the highest common factor of 348 and 12?
12
Calculate the highest common factor of 61 and 2501.
61
Calculate the highest common factor of 72 and 114.
6
Calculate the highest common divisor of 51 and 16082.
17
What is the greatest common factor of 75 and 435?
15
Calculate the greatest common factor of 564 and 1034.
94
Calculate the greatest common divisor of 7 and 3.
1
What is the highest common factor of 188 and 140?
4
Calculate the highest common divisor of 12 and 6084.
12
Calculate the highest common factor of 92 and 322.
46
Calculate the greatest common divisor of 904 and 113.
113
Calculate the greatest common factor of 208 and 78.
26
What is the highest common divisor of 86 and 387?
43
What is the highest common factor of 3 and 243?
3
What is the highest common divisor of 7392 and 66?
66
What is the highest common divisor of 6 and 8?
2
Calculate the greatest common factor of 12 and 6.
6
What is the highest common factor of 26 and 481?
13
What is the highest common divisor of 6364 and 111?
37
Calculate the greatest common factor of 113 and 10622.
113
Calculate the greatest common factor of 10 and 470.
10
Calculate the highest common divisor of 35 and 90.
5
Calculate the greatest common factor of 280 and 455.
35
Calculate the greatest common factor of 142464 and 28.
28
What is the highest common divisor of 76 and 4541?
19
Calculate the greatest common factor of 115007 and 19.
19
Calculate the highest common divisor of 5876 and 208.
52
Calculate the greatest common divisor of 1967 and 7.
7
Calculate the highest common factor of 8692 and 424.
212
What is the highest common divisor of 78 and 156?
78
What is the highest common factor of 72 and 2286?
18
Calculate the highest common factor of 4097 and 17.
17
Calculate the greatest common factor of 140 and 595.
35
What is the greatest com